CRAN Package Check Results for Package SMFilter

Last updated on 2022-05-16 11:51:39 CEST.

Flavor Version Tinstall Tcheck Ttotal Status Flags
r-devel-linux-x86_64-debian-clang 1.0.3 2.98 61.74 64.72 NOTE
r-devel-linux-x86_64-debian-gcc 1.0.3 2.51 45.59 48.10 NOTE
r-devel-linux-x86_64-fedora-clang 1.0.3 75.80 NOTE
r-devel-linux-x86_64-fedora-gcc 1.0.3 79.08 NOTE
r-devel-windows-x86_64 1.0.3 20.00 77.00 97.00 NOTE
r-patched-linux-x86_64 1.0.3 2.86 61.19 64.05 NOTE
r-release-linux-x86_64 1.0.3 3.07 60.88 63.95 NOTE
r-release-macos-arm64 1.0.3 23.00 NOTE
r-release-macos-x86_64 1.0.3 33.00 NOTE
r-release-windows-x86_64 1.0.3 17.00 80.00 97.00 NOTE
r-oldrel-macos-arm64 1.0.3 30.00 NOTE
r-oldrel-macos-x86_64 1.0.3 49.00 NOTE
r-oldrel-windows-ix86+x86_64 1.0.3 7.00 76.00 83.00 NOTE

Check Details

Version: 1.0.3
Check: LazyData
Result: NOTE
     'LazyData' is specified without a 'data' directory
Flavors: r-devel-linux-x86_64-debian-clang, r-devel-linux-x86_64-debian-gcc, r-devel-linux-x86_64-fedora-clang, r-devel-linux-x86_64-fedora-gcc, r-devel-windows-x86_64, r-patched-linux-x86_64, r-release-linux-x86_64, r-release-macos-arm64, r-release-macos-x86_64, r-release-windows-x86_64, r-oldrel-macos-arm64, r-oldrel-macos-x86_64, r-oldrel-windows-ix86+x86_64