Last updated on 2022-05-21 22:58:26 CEST.
Flavor | Version | Tinstall | Tcheck | Ttotal | Status | Flags |
---|---|---|---|---|---|---|
r-devel-linux-x86_64-debian-clang | 0.8.2 | 72.23 | 238.15 | 310.38 | OK | |
r-devel-linux-x86_64-debian-gcc | 0.8.2 | 62.18 | 161.13 | 223.31 | OK | |
r-devel-linux-x86_64-fedora-clang | 0.8.2 | 383.64 | NOTE | |||
r-devel-linux-x86_64-fedora-gcc | 0.8.2 | 375.06 | OK | |||
r-devel-windows-x86_64 | 0.8.2 | 85.00 | 264.00 | 349.00 | OK | |
r-patched-linux-x86_64 | 0.8.2 | 65.18 | 218.36 | 283.54 | OK | |
r-release-linux-x86_64 | 0.8.2 | 66.15 | 216.57 | 282.72 | OK | |
r-release-macos-arm64 | 0.8.2 | 99.00 | NOTE | |||
r-release-macos-x86_64 | 0.8.2 | 121.00 | NOTE | |||
r-release-windows-x86_64 | 0.8.2 | 94.00 | 265.00 | 359.00 | OK | |
r-oldrel-macos-arm64 | 0.8.2 | 112.00 | NOTE | |||
r-oldrel-macos-x86_64 | 0.8.2 | 181.00 | NOTE | |||
r-oldrel-windows-ix86+x86_64 | 0.8.2 | 192.00 | 465.00 | 657.00 | NOTE |
Version: 0.8.2
Check: installed package size
Result: NOTE
installed size is 5.3Mb
sub-directories of 1Mb or more:
extdata 3.1Mb
libs 1.9Mb
Flavors: r-devel-linux-x86_64-fedora-clang, r-release-macos-arm64, r-release-macos-x86_64, r-oldrel-macos-arm64, r-oldrel-macos-x86_64, r-oldrel-windows-ix86+x86_64