Last updated on 2022-05-27 13:51:57 CEST.
Flavor | Version | Tinstall | Tcheck | Ttotal | Status | Flags |
---|---|---|---|---|---|---|
r-devel-linux-x86_64-debian-clang | 1.1.2 | 14.88 | 129.07 | 143.95 | OK | |
r-devel-linux-x86_64-debian-gcc | 1.1.2 | 12.90 | 97.86 | 110.76 | OK | |
r-devel-linux-x86_64-fedora-clang | 1.1.2 | 175.08 | NOTE | |||
r-devel-linux-x86_64-fedora-gcc | 1.1.2 | 165.28 | NOTE | |||
r-devel-windows-x86_64 | 1.1.2 | 24.00 | 134.00 | 158.00 | OK | |
r-patched-linux-x86_64 | 1.1.2 | 13.30 | 120.55 | 133.85 | OK | |
r-release-linux-x86_64 | 1.1.2 | 11.72 | 126.67 | 138.39 | OK | |
r-release-macos-arm64 | 1.1.2 | 45.00 | NOTE | |||
r-release-macos-x86_64 | 1.1.2 | 82.00 | NOTE | |||
r-release-windows-x86_64 | 1.1.2 | 28.00 | 139.00 | 167.00 | OK | |
r-oldrel-macos-arm64 | 1.1.2 | 43.00 | NOTE | |||
r-oldrel-macos-x86_64 | 1.1.2 | 59.00 | NOTE | |||
r-oldrel-windows-ix86+x86_64 | 1.1.2 | 35.00 | 135.00 | 170.00 | OK |
Version: 1.1.2
Check: dependencies in R code
Result: NOTE
Namespace in Imports field not imported from: ‘rlist’
All declared Imports should be used.
Flavors: r-devel-linux-x86_64-fedora-clang, r-devel-linux-x86_64-fedora-gcc, r-release-macos-arm64, r-release-macos-x86_64, r-oldrel-macos-arm64, r-oldrel-macos-x86_64