CRAN Package Check Results for Package SP2000

Last updated on 2022-05-25 13:54:03 CEST.

Flavor Version Tinstall Tcheck Ttotal Status Flags
r-devel-linux-x86_64-debian-clang 0.2.0 8.05 73.51 81.56 NOTE
r-devel-linux-x86_64-debian-gcc 0.2.0 5.97 54.61 60.58 NOTE
r-devel-linux-x86_64-fedora-clang 0.2.0 95.73 NOTE
r-devel-linux-x86_64-fedora-gcc 0.2.0 92.30 NOTE
r-devel-windows-x86_64 0.2.0 17.00 90.00 107.00 NOTE
r-patched-linux-x86_64 0.2.0 8.38 69.03 77.41 NOTE
r-release-linux-x86_64 0.2.0 NOTE
r-release-macos-arm64 0.2.0 26.00 NOTE
r-release-macos-x86_64 0.2.0 39.00 NOTE
r-release-windows-x86_64 0.2.0 19.00 87.00 106.00 NOTE
r-oldrel-macos-arm64 0.2.0 29.00 NOTE
r-oldrel-macos-x86_64 0.2.0 47.00 NOTE
r-oldrel-windows-ix86+x86_64 0.2.0 18.00 82.00 100.00 NOTE

Check Details

Version: 0.2.0
Check: LazyData
Result: NOTE
     'LazyData' is specified without a 'data' directory
Flavors: r-devel-linux-x86_64-debian-clang, r-devel-linux-x86_64-debian-gcc, r-devel-linux-x86_64-fedora-clang, r-devel-linux-x86_64-fedora-gcc, r-devel-windows-x86_64, r-patched-linux-x86_64, r-release-linux-x86_64, r-release-macos-arm64, r-release-macos-x86_64, r-release-windows-x86_64, r-oldrel-macos-arm64, r-oldrel-macos-x86_64, r-oldrel-windows-ix86+x86_64