Last updated on 2022-05-22 23:51:56 CEST.
Flavor | Version | Tinstall | Tcheck | Ttotal | Status | Flags |
---|---|---|---|---|---|---|
r-devel-linux-x86_64-debian-clang | 1.1.0 | 26.66 | 162.83 | 189.49 | OK | |
r-devel-linux-x86_64-debian-gcc | 1.1.0 | 23.61 | 121.11 | 144.72 | OK | |
r-devel-linux-x86_64-fedora-clang | 1.1.0 | 234.10 | NOTE | |||
r-devel-linux-x86_64-fedora-gcc | 1.1.0 | 229.46 | NOTE | |||
r-devel-windows-x86_64 | 1.1.0 | 49.00 | 258.00 | 307.00 | OK | |
r-patched-linux-x86_64 | 1.1.0 | 24.17 | 157.03 | 181.20 | OK | |
r-release-linux-x86_64 | 1.1.0 | 17.56 | 157.68 | 175.24 | OK | |
r-release-macos-arm64 | 1.1.0 | 88.00 | NOTE | |||
r-release-macos-x86_64 | 1.1.0 | 141.00 | NOTE | |||
r-release-windows-x86_64 | 1.1.0 | 55.00 | 260.00 | 315.00 | OK | |
r-oldrel-macos-arm64 | 1.1.0 | 119.00 | NOTE | |||
r-oldrel-macos-x86_64 | 1.1.0 | 106.00 | NOTE | |||
r-oldrel-windows-ix86+x86_64 | 1.1.0 | 70.00 | 305.00 | 375.00 | OK |
Version: 1.1.0
Check: dependencies in R code
Result: NOTE
Namespaces in Imports field not imported from:
‘future’ ‘geosphere’ ‘lubridate’ ‘tidyverse’ ‘viridis’
All declared Imports should be used.
Flavors: r-devel-linux-x86_64-fedora-clang, r-devel-linux-x86_64-fedora-gcc, r-release-macos-arm64, r-release-macos-x86_64, r-oldrel-macos-arm64, r-oldrel-macos-x86_64