Last updated on 2022-05-29 08:54:14 CEST.
Flavor | Version | Tinstall | Tcheck | Ttotal | Status | Flags |
---|---|---|---|---|---|---|
r-devel-linux-x86_64-debian-clang | 1.1.0 | 48.64 | 466.35 | 514.99 | OK | |
r-devel-linux-x86_64-debian-gcc | 1.1.0 | 47.20 | 341.57 | 388.77 | OK | |
r-devel-linux-x86_64-fedora-clang | 1.1.0 | 600.22 | NOTE | |||
r-devel-linux-x86_64-fedora-gcc | 1.1.0 | 595.02 | OK | |||
r-devel-windows-x86_64 | 1.1.0 | 100.00 | 458.00 | 558.00 | OK | |
r-patched-linux-x86_64 | 1.1.0 | 46.68 | 441.15 | 487.83 | OK | |
r-release-linux-x86_64 | 1.1.0 | 48.39 | 438.38 | 486.77 | OK | |
r-release-macos-arm64 | 1.1.0 | 132.00 | OK | |||
r-release-macos-x86_64 | 1.1.0 | 251.00 | OK | |||
r-release-windows-x86_64 | 1.1.0 | 204.00 | 472.00 | 676.00 | OK | |
r-oldrel-macos-arm64 | 1.1.0 | 141.00 | OK | |||
r-oldrel-macos-x86_64 | 1.1.0 | 174.00 | OK | |||
r-oldrel-windows-ix86+x86_64 | 1.1.0 | 122.00 | 519.00 | 641.00 | OK |
Version: 1.1.0
Check: package dependencies
Result: NOTE
Imports includes 31 non-default packages.
Importing from so many packages makes the package vulnerable to any of
them becoming unavailable. Move as many as possible to Suggests and
use conditionally.
Flavor: r-devel-linux-x86_64-fedora-clang