CRAN Package Check Results for Package SPCDAnalyze

Last updated on 2022-05-19 10:55:57 CEST.

Flavor Version Tinstall Tcheck Ttotal Status Flags
r-devel-linux-x86_64-debian-clang 0.1.0 7.58 94.56 102.14 NOTE
r-devel-linux-x86_64-debian-gcc 0.1.0 6.61 70.33 76.94 NOTE
r-devel-linux-x86_64-fedora-clang 0.1.0 121.80 NOTE
r-devel-linux-x86_64-fedora-gcc 0.1.0 122.78 NOTE
r-devel-windows-x86_64 0.1.0 22.00 101.00 123.00 NOTE
r-patched-linux-x86_64 0.1.0 10.18 87.67 97.85 NOTE
r-release-linux-x86_64 0.1.0 8.75 88.55 97.30 NOTE
r-release-macos-arm64 0.1.0 34.00 NOTE
r-release-macos-x86_64 0.1.0 58.00 NOTE
r-release-windows-x86_64 0.1.0 23.00 102.00 125.00 NOTE
r-oldrel-macos-arm64 0.1.0 41.00 NOTE
r-oldrel-macos-x86_64 0.1.0 57.00 NOTE
r-oldrel-windows-ix86+x86_64 0.1.0 22.00 99.00 121.00 NOTE

Check Details

Version: 0.1.0
Check: LazyData
Result: NOTE
     'LazyData' is specified without a 'data' directory
Flavors: r-devel-linux-x86_64-debian-clang, r-devel-linux-x86_64-debian-gcc, r-devel-linux-x86_64-fedora-clang, r-devel-linux-x86_64-fedora-gcc, r-devel-windows-x86_64, r-patched-linux-x86_64, r-release-linux-x86_64, r-release-macos-arm64, r-release-macos-x86_64, r-release-windows-x86_64, r-oldrel-macos-arm64, r-oldrel-macos-x86_64, r-oldrel-windows-ix86+x86_64