CRAN Package Check Results for Package SWMPrExtension

Last updated on 2022-09-30 17:50:43 CEST.

Flavor Version Tinstall Tcheck Ttotal Status Flags
r-devel-linux-x86_64-debian-clang 2.2.3 25.79 204.27 230.06 OK
r-devel-linux-x86_64-debian-gcc 2.2.3 20.45 152.42 172.87 OK
r-devel-linux-x86_64-fedora-clang 2.2.3 303.66 NOTE
r-devel-linux-x86_64-fedora-gcc 2.2.3 289.26 OK
r-devel-windows-x86_64 2.2.3 134.00 281.00 415.00 OK
r-patched-linux-x86_64 2.2.3 24.42 190.59 215.01 OK
r-release-linux-x86_64 2.2.3 16.66 187.45 204.11 OK
r-release-macos-arm64 2.2.3 83.00 OK
r-release-macos-x86_64 2.2.3 108.00 OK
r-release-windows-x86_64 2.2.3 107.00 206.00 313.00 ERROR
r-oldrel-macos-arm64 2.2.3 75.00 OK
r-oldrel-macos-x86_64 2.2.3 106.00 OK
r-oldrel-windows-ix86+x86_64 2.2.3 66.00 268.00 334.00 OK

Check Details

Version: 2.2.3
Check: Rd cross-references
Result: NOTE
    Undeclared package ‘sp’ in Rd xrefs
Flavor: r-devel-linux-x86_64-fedora-clang

Version: 2.2.3
Check: examples
Result: ERROR
    Running examples in 'SWMPrExtension-Ex.R' failed
    The error most likely occurred in:
    
    > ### Name: base_map
    > ### Title: Create background map
    > ### Aliases: base_map
    >
    > ### ** Examples
    >
    >
    > # Simple, low-zoom map for testing
    > bound_box <- c(-77.393, 38.277, -75.553, 39.741)
    > (x <- base_map(bound_box, zoom = 7))
    Source : http://tile.stamen.com/toner-lite/7/36/48.png
    Error in curl::curl_fetch_memory(url, handle = handle) :
     Timeout was reached: [tile.stamen.com] Resolving timed out after 10000 milliseconds
    Calls: base_map ... request_fetch -> request_fetch.write_memory -> <Anonymous>
    Execution halted
Flavor: r-release-windows-x86_64