CRAN Package Check Results for Package ScottKnottESD

Last updated on 2022-01-16 18:49:24 CET.

Flavor Version Tinstall Tcheck Ttotal Status Flags
r-devel-linux-x86_64-debian-clang 2.0.3 7.54 79.84 87.38 OK
r-devel-linux-x86_64-debian-gcc 2.0.3 6.88 69.41 76.29 OK
r-devel-linux-x86_64-fedora-clang 2.0.3 107.13 OK
r-devel-linux-x86_64-fedora-gcc 2.0.3 92.61 OK
r-devel-windows-x86_64-new-UL 2.0.3 48.00 96.00 144.00 OK
r-devel-windows-x86_64-new-TK 2.0.3 ERROR
r-patched-linux-x86_64 2.0.3 5.56 75.19 80.75 OK
r-release-linux-x86_64 2.0.3 OK
r-release-macos-arm64 2.0.3 OK
r-release-macos-x86_64 2.0.3 OK
r-release-windows-ix86+x86_64 2.0.3 20.00 95.00 115.00 OK
r-oldrel-macos-x86_64 2.0.3 OK
r-oldrel-windows-ix86+x86_64 2.0.3 20.00 98.00 118.00 OK

Check Details

Version: 2.0.3
Check: package dependencies
Result: ERROR
    Package required but not available: 'car'
    
    See section 'The DESCRIPTION file' in the 'Writing R Extensions'
    manual.
Flavor: r-devel-windows-x86_64-new-TK