CRAN Package Check Results for Package ScriptMapR

Last updated on 2024-05-27 19:54:09 CEST.

Flavor Version Tinstall Tcheck Ttotal Status Flags
r-devel-linux-x86_64-debian-clang 0.0.3 14.12 91.05 105.17 NOTE
r-devel-linux-x86_64-debian-gcc 0.0.3 11.61 68.47 80.08 NOTE
r-devel-linux-x86_64-fedora-clang 0.0.3 135.10 NOTE
r-devel-linux-x86_64-fedora-gcc 0.0.3 121.93 NOTE
r-devel-windows-x86_64 0.0.3 12.00 81.00 93.00 NOTE
r-patched-linux-x86_64 0.0.3 12.06 90.13 102.19 NOTE
r-release-linux-x86_64 0.0.3 13.25 88.77 102.02 NOTE
r-release-macos-arm64 0.0.3 37.00 NOTE
r-release-macos-x86_64 0.0.3 68.00 NOTE
r-release-windows-x86_64 0.0.3 11.00 81.00 92.00 NOTE
r-oldrel-macos-arm64 0.0.3 41.00 NOTE
r-oldrel-macos-x86_64 0.0.3 87.00 NOTE
r-oldrel-windows-x86_64 0.0.3 16.00 102.00 118.00 NOTE

Check Details

Version: 0.0.3
Check: LazyData
Result: NOTE 'LazyData' is specified without a 'data' directory Flavors: r-devel-linux-x86_64-debian-clang, r-devel-linux-x86_64-debian-gcc, r-devel-linux-x86_64-fedora-clang, r-devel-linux-x86_64-fedora-gcc, r-devel-windows-x86_64, r-patched-linux-x86_64, r-release-linux-x86_64, r-release-macos-arm64, r-release-macos-x86_64, r-release-windows-x86_64, r-oldrel-macos-arm64, r-oldrel-macos-x86_64, r-oldrel-windows-x86_64