Last updated on 2022-05-21 18:53:37 CEST.
Flavor | Version | Tinstall | Tcheck | Ttotal | Status | Flags |
---|---|---|---|---|---|---|
r-devel-linux-x86_64-debian-clang | 0.0.3 | 15.50 | 108.25 | 123.75 | NOTE | |
r-devel-linux-x86_64-debian-gcc | 0.0.3 | 10.94 | 80.38 | 91.32 | NOTE | |
r-devel-linux-x86_64-fedora-clang | 0.0.3 | 142.63 | NOTE | |||
r-devel-linux-x86_64-fedora-gcc | 0.0.3 | 144.30 | NOTE | |||
r-devel-windows-x86_64 | 0.0.3 | 19.00 | 120.00 | 139.00 | NOTE | |
r-patched-linux-x86_64 | 0.0.3 | 10.46 | 102.48 | 112.94 | NOTE | |
r-release-linux-x86_64 | 0.0.3 | 12.32 | 102.30 | 114.62 | NOTE | |
r-release-macos-arm64 | 0.0.3 | 43.00 | NOTE | |||
r-release-macos-x86_64 | 0.0.3 | 71.00 | NOTE | |||
r-release-windows-x86_64 | 0.0.3 | 19.00 | 121.00 | 140.00 | NOTE | |
r-oldrel-macos-arm64 | 0.0.3 | 75.00 | NOTE | |||
r-oldrel-macos-x86_64 | 0.0.3 | 52.00 | NOTE | |||
r-oldrel-windows-ix86+x86_64 | 0.0.3 | 30.00 | 114.00 | 144.00 | NOTE |
Version: 0.0.3
Check: LazyData
Result: NOTE
'LazyData' is specified without a 'data' directory
Flavors: r-devel-linux-x86_64-debian-clang, r-devel-linux-x86_64-debian-gcc, r-devel-linux-x86_64-fedora-clang, r-devel-linux-x86_64-fedora-gcc, r-devel-windows-x86_64, r-patched-linux-x86_64, r-release-linux-x86_64, r-release-macos-arm64, r-release-macos-x86_64, r-release-windows-x86_64, r-oldrel-macos-arm64, r-oldrel-macos-x86_64, r-oldrel-windows-ix86+x86_64