CRAN Package Check Results for Package SecKW

Last updated on 2022-05-18 08:52:06 CEST.

Flavor Version Tinstall Tcheck Ttotal Status Flags
r-devel-linux-x86_64-debian-clang 0.2 1.89 30.77 32.66 NOTE
r-devel-linux-x86_64-debian-gcc 0.2 2.04 24.30 26.34 NOTE
r-devel-linux-x86_64-fedora-clang 0.2 40.93 NOTE
r-devel-linux-x86_64-fedora-gcc 0.2 41.52 NOTE
r-devel-windows-x86_64 0.2 11.00 50.00 61.00 NOTE
r-patched-linux-x86_64 0.2 2.01 30.37 32.38 NOTE
r-release-linux-x86_64 0.2 2.63 29.93 32.56 NOTE
r-release-macos-arm64 0.2 15.00 NOTE
r-release-macos-x86_64 0.2 20.00 NOTE
r-release-windows-x86_64 0.2 11.00 46.00 57.00 NOTE
r-oldrel-macos-arm64 0.2 19.00 NOTE
r-oldrel-macos-x86_64 0.2 27.00 NOTE
r-oldrel-windows-ix86+x86_64 0.2 5.00 40.00 45.00 NOTE

Check Details

Version: 0.2
Check: LazyData
Result: NOTE
     'LazyData' is specified without a 'data' directory
Flavors: r-devel-linux-x86_64-debian-clang, r-devel-linux-x86_64-debian-gcc, r-devel-linux-x86_64-fedora-clang, r-devel-linux-x86_64-fedora-gcc, r-devel-windows-x86_64, r-patched-linux-x86_64, r-release-linux-x86_64, r-release-macos-arm64, r-release-macos-x86_64, r-release-windows-x86_64, r-oldrel-macos-arm64, r-oldrel-macos-x86_64, r-oldrel-windows-ix86+x86_64