CRAN Package Check Results for Package SemNeT

Last updated on 2022-05-28 08:52:15 CEST.

Flavor Version Tinstall Tcheck Ttotal Status Flags
r-devel-linux-x86_64-debian-clang 1.4.3 14.83 117.84 132.67 OK
r-devel-linux-x86_64-debian-gcc 1.4.3 11.49 85.11 96.60 OK
r-devel-linux-x86_64-fedora-clang 1.4.3 152.61 NOTE
r-devel-linux-x86_64-fedora-gcc 1.4.3 148.92 NOTE
r-devel-windows-x86_64 1.4.3 64.00 146.00 210.00 OK
r-patched-linux-x86_64 1.4.3 19.66 108.23 127.89 OK
r-release-linux-x86_64 1.4.3 10.11 109.55 119.66 OK
r-release-macos-arm64 1.4.3 44.00 NOTE
r-release-macos-x86_64 1.4.3 73.00 NOTE
r-release-windows-x86_64 1.4.3 71.00 140.00 211.00 OK
r-oldrel-macos-arm64 1.4.3 53.00 NOTE
r-oldrel-macos-x86_64 1.4.3 56.00 NOTE
r-oldrel-windows-ix86+x86_64 1.4.3 30.00 145.00 175.00 OK

Check Details

Version: 1.4.3
Check: dependencies in R code
Result: NOTE
    Namespaces in Imports field not imported from:
     ‘RColorBrewer’ ‘grid’ ‘purrr’
     All declared Imports should be used.
Flavors: r-devel-linux-x86_64-fedora-clang, r-devel-linux-x86_64-fedora-gcc, r-release-macos-arm64, r-release-macos-x86_64, r-oldrel-macos-arm64, r-oldrel-macos-x86_64

Version: 1.4.3
Check: Rd cross-references
Result: NOTE
    Undeclared packages ‘NetworkToolbox’, ‘SemNetCleaner’ in Rd xrefs
Flavor: r-devel-linux-x86_64-fedora-clang