Last updated on 2022-06-28 07:52:08 CEST.
Flavor | Version | Tinstall | Tcheck | Ttotal | Status | Flags |
---|---|---|---|---|---|---|
r-devel-linux-x86_64-debian-clang | 1.3.4 | 6.86 | 46.61 | 53.47 | OK | |
r-devel-linux-x86_64-debian-gcc | 1.3.4 | 4.97 | 35.42 | 40.39 | OK | |
r-devel-linux-x86_64-fedora-clang | 1.3.4 | 74.50 | NOTE | |||
r-devel-linux-x86_64-fedora-gcc | 1.3.4 | 74.11 | NOTE | |||
r-devel-windows-x86_64 | 1.3.4 | 54.00 | 80.00 | 134.00 | OK | |
r-patched-linux-x86_64 | 1.3.4 | 11.25 | 45.08 | 56.33 | OK | |
r-release-linux-x86_64 | 1.3.4 | 4.91 | 45.48 | 50.39 | OK | |
r-release-macos-arm64 | 1.3.4 | 25.00 | NOTE | |||
r-release-macos-x86_64 | 1.3.4 | 43.00 | NOTE | |||
r-release-windows-x86_64 | 1.3.4 | 57.00 | 81.00 | 138.00 | OK | |
r-oldrel-macos-arm64 | 1.3.4 | 24.00 | NOTE | |||
r-oldrel-macos-x86_64 | 1.3.4 | 33.00 | NOTE | |||
r-oldrel-windows-ix86+x86_64 | 1.3.4 | 14.00 | 75.00 | 89.00 | OK |
Version: 1.3.4
Check: dependencies in R code
Result: NOTE
Namespaces in Imports field not imported from:
‘editData’ ‘miniUI’
All declared Imports should be used.
Flavors: r-devel-linux-x86_64-fedora-clang, r-devel-linux-x86_64-fedora-gcc, r-release-macos-arm64, r-release-macos-x86_64, r-oldrel-macos-arm64, r-oldrel-macos-x86_64