Last updated on 2022-05-22 13:51:05 CEST.
Flavor | Version | Tinstall | Tcheck | Ttotal | Status | Flags |
---|---|---|---|---|---|---|
r-devel-linux-x86_64-debian-clang | 4.1.0 | 51.18 | 155.78 | 206.96 | OK | |
r-devel-linux-x86_64-debian-gcc | 4.1.0 | 38.99 | 118.47 | 157.46 | OK | |
r-devel-linux-x86_64-fedora-clang | 4.1.0 | 255.22 | NOTE | |||
r-devel-linux-x86_64-fedora-gcc | 4.1.0 | 252.60 | OK | |||
r-devel-windows-x86_64 | 4.1.0 | 201.00 | 195.00 | 396.00 | OK | |
r-patched-linux-x86_64 | 4.1.0 | 47.32 | 150.12 | 197.44 | OK | |
r-release-linux-x86_64 | 4.1.0 | 49.45 | 147.66 | 197.11 | OK | |
r-release-macos-arm64 | 4.1.0 | 79.00 | OK | |||
r-release-macos-x86_64 | 4.1.0 | 104.00 | OK | |||
r-release-windows-x86_64 | 4.1.0 | 212.00 | 198.00 | 410.00 | OK | |
r-oldrel-macos-arm64 | 4.1.0 | 67.00 | OK | |||
r-oldrel-macos-x86_64 | 4.1.0 | 87.00 | OK | |||
r-oldrel-windows-ix86+x86_64 | 4.1.0 | 112.00 | 232.00 | 344.00 | OK |
Version: 4.1.0
Check: Rd cross-references
Result: NOTE
Undeclared package ‘plotly’ in Rd xrefs
Flavor: r-devel-linux-x86_64-fedora-clang