CRAN Package Check Results for Package SigOptR

Last updated on 2023-01-28 16:51:30 CET.

Flavor Version Tinstall Tcheck Ttotal Status Flags
r-devel-linux-x86_64-debian-clang 0.0.1 2.23 20.54 22.77 NOTE
r-devel-linux-x86_64-debian-gcc 0.0.1 1.75 16.63 18.38 NOTE
r-devel-linux-x86_64-fedora-clang 0.0.1 29.89 NOTE
r-devel-linux-x86_64-fedora-gcc 0.0.1 28.10 NOTE
r-devel-windows-x86_64 0.0.1 9.00 48.00 57.00 NOTE
r-patched-linux-x86_64 0.0.1 2.05 20.93 22.98 NOTE
r-release-linux-x86_64 0.0.1 1.87 21.03 22.90 NOTE
r-release-macos-arm64 0.0.1 14.00 NOTE
r-release-macos-x86_64 0.0.1 20.00 NOTE
r-release-windows-x86_64 0.0.1 12.00 47.00 59.00 NOTE
r-oldrel-macos-arm64 0.0.1 16.00 NOTE
r-oldrel-macos-x86_64 0.0.1 24.00 NOTE
r-oldrel-windows-ix86+x86_64 0.0.1 5.00 45.00 50.00 NOTE

Check Details

Version: 0.0.1
Check: LazyData
Result: NOTE
     'LazyData' is specified without a 'data' directory
Flavors: r-devel-linux-x86_64-debian-clang, r-devel-linux-x86_64-debian-gcc, r-devel-linux-x86_64-fedora-clang, r-devel-linux-x86_64-fedora-gcc, r-devel-windows-x86_64, r-patched-linux-x86_64, r-release-linux-x86_64, r-release-macos-arm64, r-release-macos-x86_64, r-release-windows-x86_64, r-oldrel-macos-arm64, r-oldrel-macos-x86_64, r-oldrel-windows-ix86+x86_64