Last updated on 2023-05-30 14:56:57 CEST.
Flavor | Version | Tinstall | Tcheck | Ttotal | Status | Flags |
---|---|---|---|---|---|---|
r-devel-linux-x86_64-debian-clang | 1.9.0 | 94.09 | 409.67 | 503.76 | NOTE | |
r-devel-linux-x86_64-debian-gcc | 1.9.0 | 74.79 | 312.47 | 387.26 | NOTE | |
r-devel-linux-x86_64-fedora-clang | 1.10.0 | 686.95 | NOTE | |||
r-devel-linux-x86_64-fedora-gcc | 1.10.0 | 655.94 | OK | |||
r-devel-windows-x86_64 | 1.9.0 | 76.00 | 337.00 | 413.00 | NOTE | |
r-patched-linux-x86_64 | 1.9.0 | 73.97 | 391.12 | 465.09 | NOTE | |
r-release-linux-x86_64 | 1.9.0 | 55.93 | 383.27 | 439.20 | NOTE | |
r-release-macos-arm64 | 1.9.0 | 164.00 | NOTE | |||
r-release-macos-x86_64 | 1.9.0 | 255.00 | NOTE | |||
r-release-windows-x86_64 | 1.9.0 | 94.00 | 444.00 | 538.00 | NOTE | |
r-oldrel-macos-arm64 | 1.9.0 | 127.00 | NOTE | |||
r-oldrel-macos-x86_64 | 1.9.0 | 202.00 | OK | |||
r-oldrel-windows-x86_64 | 1.9.0 | 96.00 | 411.00 | 507.00 | OK |
Version: 1.9.0
Check: C++ specification
Result: NOTE
Specified C++11: please drop specification unless essential
Flavors: r-devel-linux-x86_64-debian-clang, r-devel-linux-x86_64-debian-gcc, r-devel-windows-x86_64, r-patched-linux-x86_64, r-release-linux-x86_64, r-release-macos-arm64, r-release-macos-x86_64, r-release-windows-x86_64
Version: 1.10.0
Check: package dependencies
Result: NOTE
Imports includes 25 non-default packages.
Importing from so many packages makes the package vulnerable to any of
them becoming unavailable. Move as many as possible to Suggests and
use conditionally.
Flavor: r-devel-linux-x86_64-fedora-clang
Version: 1.9.0
Check: package dependencies
Result: NOTE
Packages suggested but not available for checking:
'chromVAR', 'TFBSTools', 'motifmatchr', 'biovizBase'
Flavor: r-release-macos-arm64
Version: 1.9.0
Check: installed package size
Result: NOTE
installed size is 5.1Mb
sub-directories of 1Mb or more:
R 2.1Mb
libs 1.9Mb
Flavor: r-release-macos-arm64
Version: 1.9.0
Check: Rd cross-references
Result: NOTE
Packages unavailable to check Rd xrefs: ‘TFBSTools’, ‘motifmatchr’, ‘biovizBase’, ‘chromVAR’
Flavor: r-release-macos-arm64
Version: 1.9.0
Check: package dependencies
Result: NOTE
Packages suggested but not available for checking:
'Seurat', 'chromVAR', 'TFBSTools', 'motifmatchr', 'biovizBase'
Flavor: r-release-macos-x86_64
Version: 1.9.0
Check: Rd cross-references
Result: NOTE
Packages unavailable to check Rd xrefs: ‘Seurat’, ‘TFBSTools’, ‘motifmatchr’, ‘biovizBase’, ‘chromVAR’
Flavor: r-release-macos-x86_64
Version: 1.9.0
Check: package dependencies
Result: NOTE
Packages suggested but not available for checking:
'chromVAR', 'TFBSTools', 'motifmatchr'
Flavor: r-oldrel-macos-arm64
Version: 1.9.0
Check: Rd cross-references
Result: NOTE
Packages unavailable to check Rd xrefs: ‘TFBSTools’, ‘motifmatchr’, ‘chromVAR’
Flavor: r-oldrel-macos-arm64