Last updated on 2022-05-18 04:49:47 CEST.
Flavor | Version | Tinstall | Tcheck | Ttotal | Status | Flags |
---|---|---|---|---|---|---|
r-devel-linux-x86_64-debian-clang | 9.0.0 | 26.84 | 263.33 | 290.17 | OK | |
r-devel-linux-x86_64-debian-gcc | 9.0.0 | 23.25 | 247.45 | 270.70 | OK | |
r-devel-linux-x86_64-fedora-clang | 9.0.0 | 337.00 | OK | |||
r-devel-linux-x86_64-fedora-gcc | 9.0.0 | 331.12 | OK | |||
r-devel-windows-x86_64 | 9.0.0 | 95.00 | 343.00 | 438.00 | OK | |
r-patched-linux-x86_64 | 9.0.0 | 29.08 | 248.25 | 277.33 | OK | |
r-release-linux-x86_64 | 9.0.0 | 25.67 | 250.89 | 276.56 | OK | |
r-release-macos-arm64 | 9.0.0 | 111.00 | NOTE | |||
r-release-macos-x86_64 | 9.0.0 | 153.00 | NOTE | |||
r-release-windows-x86_64 | 9.0.0 | 93.00 | 338.00 | 431.00 | OK | |
r-oldrel-macos-arm64 | 9.0.0 | 98.00 | NOTE | |||
r-oldrel-macos-x86_64 | 9.0.0 | 158.00 | NOTE | |||
r-oldrel-windows-ix86+x86_64 | 9.0.0 | 65.00 | 471.00 | 536.00 | NOTE |
Version: 9.0.0
Check: installed package size
Result: NOTE
installed size is 6.3Mb
sub-directories of 1Mb or more:
data 1.9Mb
libs 2.7Mb
Flavors: r-release-macos-arm64, r-release-macos-x86_64, r-oldrel-macos-arm64, r-oldrel-macos-x86_64, r-oldrel-windows-ix86+x86_64