CRAN Package Check Results for Package SimRVPedigree

Last updated on 2022-05-28 04:55:04 CEST.

Flavor Version Tinstall Tcheck Ttotal Status Flags
r-devel-linux-x86_64-debian-clang 0.4.4 9.05 347.09 356.14 OK
r-devel-linux-x86_64-debian-gcc 0.4.4 8.15 245.53 253.68 OK
r-devel-linux-x86_64-fedora-clang 0.4.4 386.32 NOTE
r-devel-linux-x86_64-fedora-gcc 0.4.4 395.59 NOTE
r-devel-windows-x86_64 0.4.4 71.00 349.00 420.00 OK
r-patched-linux-x86_64 0.4.4 11.87 327.91 339.78 OK
r-release-linux-x86_64 0.4.4 7.40 315.78 323.18 OK
r-release-macos-arm64 0.4.4 92.00 NOTE
r-release-macos-x86_64 0.4.4 181.00 NOTE
r-release-windows-x86_64 0.4.4 79.00 348.00 427.00 OK
r-oldrel-macos-arm64 0.4.4 113.00 NOTE
r-oldrel-macos-x86_64 0.4.4 162.00 NOTE
r-oldrel-windows-ix86+x86_64 0.4.4 20.00 366.00 386.00 OK

Check Details

Version: 0.4.4
Check: dependencies in R code
Result: NOTE
    Namespace in Imports field not imported from: ‘dplyr’
     All declared Imports should be used.
Flavors: r-devel-linux-x86_64-fedora-clang, r-devel-linux-x86_64-fedora-gcc, r-release-macos-arm64, r-release-macos-x86_64, r-oldrel-macos-arm64, r-oldrel-macos-x86_64