Last updated on 2022-05-24 15:52:58 CEST.
Flavor | Version | Tinstall | Tcheck | Ttotal | Status | Flags |
---|---|---|---|---|---|---|
r-devel-linux-x86_64-debian-clang | 3.3 | 35.39 | 101.18 | 136.57 | OK | |
r-devel-linux-x86_64-debian-gcc | 3.3 | 33.24 | 77.55 | 110.79 | OK | |
r-devel-linux-x86_64-fedora-clang | 3.3 | 191.73 | NOTE | |||
r-devel-linux-x86_64-fedora-gcc | 3.3 | 172.26 | NOTE | |||
r-devel-windows-x86_64 | 3.3 | 46.00 | 141.00 | 187.00 | OK | |
r-patched-linux-x86_64 | 3.3 | 33.90 | 97.34 | 131.24 | OK | |
r-release-linux-x86_64 | 3.3 | OK | ||||
r-release-macos-arm64 | 3.3 | 52.00 | NOTE | |||
r-release-macos-x86_64 | 3.3 | 67.00 | NOTE | |||
r-release-windows-x86_64 | 3.3 | 51.00 | 146.00 | 197.00 | OK | |
r-oldrel-macos-arm64 | 3.3 | 62.00 | NOTE | |||
r-oldrel-macos-x86_64 | 3.3 | 97.00 | NOTE | |||
r-oldrel-windows-ix86+x86_64 | 3.3 | 106.00 | 149.00 | 255.00 | OK |
Version: 3.3
Check: dependencies in R code
Result: NOTE
Namespace in Imports field not imported from: ‘Rcpp’
All declared Imports should be used.
Flavors: r-devel-linux-x86_64-fedora-clang, r-devel-linux-x86_64-fedora-gcc, r-release-macos-arm64, r-release-macos-x86_64, r-oldrel-macos-arm64, r-oldrel-macos-x86_64