Last updated on 2022-05-20 08:53:31 CEST.
Flavor | Version | Tinstall | Tcheck | Ttotal | Status | Flags |
---|---|---|---|---|---|---|
r-devel-linux-x86_64-debian-clang | 1.0-3 | 6.64 | 243.95 | 250.59 | OK | |
r-devel-linux-x86_64-debian-gcc | 1.0-3 | 4.70 | 179.62 | 184.32 | OK | |
r-devel-linux-x86_64-fedora-clang | 1.0-3 | 317.37 | NOTE | |||
r-devel-linux-x86_64-fedora-gcc | 1.0-3 | 323.82 | OK | |||
r-devel-windows-x86_64 | 1.0-3 | 183.00 | 519.00 | 702.00 | NOTE | |
r-patched-linux-x86_64 | 1.0-3 | 8.14 | 222.12 | 230.26 | OK | |
r-release-linux-x86_64 | 1.0-3 | 5.15 | 221.11 | 226.26 | OK | |
r-release-macos-arm64 | 1.0-3 | 97.00 | NOTE | |||
r-release-macos-x86_64 | 1.0-3 | 130.00 | NOTE | |||
r-release-windows-x86_64 | 1.0-3 | 186.00 | 478.00 | 664.00 | NOTE | |
r-oldrel-macos-arm64 | 1.0-3 | 142.00 | NOTE | |||
r-oldrel-macos-x86_64 | 1.0-3 | 255.00 | NOTE | |||
r-oldrel-windows-ix86+x86_64 | 1.0-3 | 12.00 | 517.00 | 529.00 | NOTE |
Version: 1.0-3
Check: installed package size
Result: NOTE
installed size is 5.1Mb
sub-directories of 1Mb or more:
doc 3.7Mb
Flavors: r-devel-linux-x86_64-fedora-clang, r-devel-windows-x86_64, r-release-macos-arm64, r-release-macos-x86_64, r-release-windows-x86_64, r-oldrel-macos-arm64, r-oldrel-macos-x86_64, r-oldrel-windows-ix86+x86_64