CRAN Package Check Results for Package SmartMeterAnalytics

Last updated on 2022-05-23 23:50:15 CEST.

Flavor Version Tinstall Tcheck Ttotal Status Flags
r-devel-linux-x86_64-debian-clang 1.0.3 7.01 52.31 59.32 NOTE
r-devel-linux-x86_64-debian-gcc 1.0.3 4.60 39.38 43.98 NOTE
r-devel-linux-x86_64-fedora-clang 1.0.3 72.24 NOTE
r-devel-linux-x86_64-fedora-gcc 1.0.3 77.05 NOTE
r-devel-windows-x86_64 1.0.3 129.00 67.00 196.00 NOTE
r-patched-linux-x86_64 1.0.3 9.59 49.89 59.48 NOTE
r-release-linux-x86_64 1.0.3 NOTE
r-release-macos-arm64 1.0.3 19.00 NOTE
r-release-macos-x86_64 1.0.3 30.00 NOTE
r-release-windows-x86_64 1.0.3 67.00 73.00 140.00 NOTE
r-oldrel-macos-arm64 1.0.3 23.00 NOTE
r-oldrel-macos-x86_64 1.0.3 40.00 NOTE
r-oldrel-windows-ix86+x86_64 1.0.3 12.00 69.00 81.00 NOTE

Check Details

Version: 1.0.3
Check: LazyData
Result: NOTE
     'LazyData' is specified without a 'data' directory
Flavors: r-devel-linux-x86_64-debian-clang, r-devel-linux-x86_64-debian-gcc, r-devel-linux-x86_64-fedora-clang, r-devel-linux-x86_64-fedora-gcc, r-devel-windows-x86_64, r-patched-linux-x86_64, r-release-linux-x86_64, r-release-macos-arm64, r-release-macos-x86_64, r-release-windows-x86_64, r-oldrel-macos-arm64, r-oldrel-macos-x86_64, r-oldrel-windows-ix86+x86_64