CRAN Package Check Results for Package SpaCCr

Last updated on 2022-05-20 20:54:45 CEST.

Flavor Version Tinstall Tcheck Ttotal Status Flags
r-devel-linux-x86_64-debian-clang 0.1.0 35.93 123.21 159.14 OK
r-devel-linux-x86_64-debian-gcc 0.1.0 26.58 90.05 116.63 OK
r-devel-linux-x86_64-fedora-clang 0.1.0 196.52 NOTE
r-devel-linux-x86_64-fedora-gcc 0.1.0 186.08 NOTE
r-devel-windows-x86_64 0.1.0 38.00 153.00 191.00 OK
r-patched-linux-x86_64 0.1.0 28.49 111.96 140.45 OK
r-release-linux-x86_64 0.1.0 26.58 111.26 137.84 OK
r-release-macos-arm64 0.1.0 52.00 OK
r-release-macos-x86_64 0.1.0 84.00 OK
r-release-windows-x86_64 0.1.0 39.00 158.00 197.00 OK
r-oldrel-macos-arm64 0.1.0 53.00 OK
r-oldrel-macos-x86_64 0.1.0 99.00 OK
r-oldrel-windows-ix86+x86_64 0.1.0 89.00 227.00 316.00 OK

Check Details

Version: 0.1.0
Check: compiled code
Result: NOTE
    File ‘SpaCCr/libs/SpaCCr.so’:
     Found no calls to: ‘R_registerRoutines’, ‘R_useDynamicSymbols’
    
    It is good practice to register native routines and to disable symbol
    search.
    
    See ‘Writing portable packages’ in the ‘Writing R Extensions’ manual.
Flavors: r-devel-linux-x86_64-fedora-clang, r-devel-linux-x86_64-fedora-gcc