CRAN Package Check Results for Package SpaTimeClus

Last updated on 2022-05-17 05:52:59 CEST.

Flavor Version Tinstall Tcheck Ttotal Status Flags
r-devel-linux-x86_64-debian-clang 1.0.1 87.02 40.31 127.33 OK
r-devel-linux-x86_64-debian-gcc 1.0.1 75.61 31.45 107.06 WARN
r-devel-linux-x86_64-fedora-clang 1.0.1 196.29 NOTE
r-devel-linux-x86_64-fedora-gcc 1.0.1 186.59 WARN
r-devel-windows-x86_64 1.0.1 99.00 85.00 184.00 WARN
r-patched-linux-x86_64 1.0.1 78.27 39.78 118.05 OK
r-release-linux-x86_64 1.0.1 83.19 40.01 123.20 OK
r-release-macos-arm64 1.0.1 43.00 OK
r-release-macos-x86_64 1.0.1 57.00 OK
r-release-windows-x86_64 1.0.1 90.00 80.00 170.00 OK
r-oldrel-macos-arm64 1.0.1 49.00 NOTE
r-oldrel-macos-x86_64 1.0.1 72.00 OK
r-oldrel-windows-ix86+x86_64 1.0.1 224.00 89.00 313.00 OK

Check Details

Version: 1.0.1
Check: whether package can be installed
Result: WARN
    Found the following significant warnings:
     STCXEMnonspatial.cpp:97:37: warning: ‘*’ in boolean context, suggest ‘&&’ instead [-Wint-in-bool-context]
     STCXEMnonspatial.cpp:115:41: warning: ‘*’ in boolean context, suggest ‘&&’ instead [-Wint-in-bool-context]
     STCXEMspatial.cpp:99:37: warning: ‘*’ in boolean context, suggest ‘&&’ instead [-Wint-in-bool-context]
     STCXEMspatial.cpp:117:41: warning: ‘*’ in boolean context, suggest ‘&&’ instead [-Wint-in-bool-context]
Flavors: r-devel-linux-x86_64-debian-gcc, r-devel-linux-x86_64-fedora-gcc, r-devel-windows-x86_64

Version: 1.0.1
Check: compiled code
Result: NOTE
    File ‘SpaTimeClus/libs/SpaTimeClus.so’:
     Found no calls to: ‘R_registerRoutines’, ‘R_useDynamicSymbols’
    
    It is good practice to register native routines and to disable symbol
    search.
    
    See ‘Writing portable packages’ in the ‘Writing R Extensions’ manual.
Flavors: r-devel-linux-x86_64-fedora-clang, r-devel-linux-x86_64-fedora-gcc

Version: 1.0.1
Check: installed package size
Result: NOTE
     installed size is 5.6Mb
     sub-directories of 1Mb or more:
     libs 5.4Mb
Flavor: r-oldrel-macos-arm64