Last updated on 2023-01-31 22:58:20 CET.
Flavor | Version | Tinstall | Tcheck | Ttotal | Status | Flags |
---|---|---|---|---|---|---|
r-devel-linux-x86_64-debian-clang | 0.1.1 | 21.74 | 68.20 | 89.94 | NOTE | |
r-devel-linux-x86_64-debian-gcc | 0.1.1 | 18.31 | 51.31 | 69.62 | NOTE | |
r-devel-linux-x86_64-fedora-clang | 0.1.1 | 120.96 | NOTE | |||
r-devel-linux-x86_64-fedora-gcc | 0.1.1 | 111.03 | NOTE | |||
r-devel-windows-x86_64 | 0.1.1 | 36.00 | 112.00 | 148.00 | NOTE | |
r-patched-linux-x86_64 | 0.1.1 | 23.56 | 66.19 | 89.75 | OK | |
r-release-linux-x86_64 | 0.1.1 | 18.44 | 66.86 | 85.30 | OK | |
r-release-macos-arm64 | 0.1.1 | 37.00 | OK | |||
r-release-macos-x86_64 | 0.1.1 | 49.00 | OK | |||
r-release-windows-x86_64 | 0.1.1 | 34.00 | 120.00 | 154.00 | OK | |
r-oldrel-macos-arm64 | 0.1.1 | 41.00 | OK | |||
r-oldrel-macos-x86_64 | 0.1.1 | 49.00 | OK | |||
r-oldrel-windows-ix86+x86_64 | 0.1.1 | 59.00 | 131.00 | 190.00 | OK |
Version: 0.1.1
Check: C++ specification
Result: NOTE
Specified C++11: please update to current default of C++17
Flavors: r-devel-linux-x86_64-debian-clang, r-devel-linux-x86_64-debian-gcc, r-devel-linux-x86_64-fedora-clang, r-devel-linux-x86_64-fedora-gcc, r-devel-windows-x86_64