Last updated on 2022-05-17 14:51:35 CEST.
Flavor | Version | Tinstall | Tcheck | Ttotal | Status | Flags |
---|---|---|---|---|---|---|
r-devel-linux-x86_64-debian-clang | 0.12-0 | 71.60 | 12.76 | 84.36 | FAIL | |
r-devel-linux-x86_64-debian-gcc | 0.12-0 | 53.17 | 52.72 | 105.89 | NOTE | |
r-devel-linux-x86_64-fedora-clang | 0.12-0 | 195.40 | NOTE | |||
r-devel-linux-x86_64-fedora-gcc | 0.12-0 | 170.56 | NOTE | |||
r-devel-windows-x86_64 | 0.12-0 | 83.00 | 147.00 | 230.00 | OK | |
r-patched-linux-x86_64 | 0.12-0 | 58.33 | 66.24 | 124.57 | NOTE | |
r-release-linux-x86_64 | 0.12-0 | 57.96 | 64.57 | 122.53 | NOTE | |
r-release-macos-arm64 | 0.12-0 | 54.00 | OK | |||
r-release-macos-x86_64 | 0.12-0 | 72.00 | OK | |||
r-release-windows-x86_64 | 0.12-0 | 81.00 | 147.00 | 228.00 | OK | |
r-oldrel-macos-arm64 | 0.12-0 | 61.00 | OK | |||
r-oldrel-macos-x86_64 | 0.12-0 | 67.00 | OK | |||
r-oldrel-windows-ix86+x86_64 | 0.12-0 | 177.00 | 183.00 | 360.00 | OK |
Version: 0.12-0
Check: package dependencies
Result: FAIL
Flavor: r-devel-linux-x86_64-debian-clang
Version: 0.12-0
Check: package dependencies
Result: NOTE
Package suggested but not available for checking: ‘RandomFields’
Flavors: r-devel-linux-x86_64-debian-gcc, r-devel-linux-x86_64-fedora-clang, r-devel-linux-x86_64-fedora-gcc, r-patched-linux-x86_64, r-release-linux-x86_64