CRAN Package Check Results for Package SpatialKWD

Last updated on 2022-05-19 09:53:25 CEST.

Flavor Version Tinstall Tcheck Ttotal Status Flags
r-devel-linux-x86_64-debian-clang 0.4.0 42.64 51.17 93.81 OK
r-devel-linux-x86_64-debian-gcc 0.4.0 35.45 39.90 75.35 OK
r-devel-linux-x86_64-fedora-clang 0.4.0 129.93 OK
r-devel-linux-x86_64-fedora-gcc 0.4.0 116.23 OK
r-devel-windows-x86_64 0.4.0 38.00 86.00 124.00 OK
r-patched-linux-x86_64 0.4.0 35.10 50.52 85.62 OK
r-release-linux-x86_64 0.4.0 39.54 49.40 88.94 OK
r-release-macos-arm64 0.4.0 33.00 NOTE
r-release-macos-x86_64 0.4.0 41.00 NOTE
r-release-windows-x86_64 0.4.0 38.00 92.00 130.00 OK
r-oldrel-macos-arm64 0.4.0 40.00 NOTE
r-oldrel-macos-x86_64 0.4.0 56.00 NOTE
r-oldrel-windows-ix86+x86_64 0.4.0 92.00 90.00 182.00 OK

Check Details

Version: 0.4.0
Check: installed package size
Result: NOTE
     installed size is 5.9Mb
     sub-directories of 1Mb or more:
     libs 5.4Mb
Flavors: r-release-macos-arm64, r-release-macos-x86_64, r-oldrel-macos-arm64, r-oldrel-macos-x86_64