CRAN Package Check Results for Package SpatialTools

Last updated on 2022-05-17 01:51:00 CEST.

Flavor Version Tinstall Tcheck Ttotal Status Flags
r-devel-linux-x86_64-debian-clang 1.0.4 0.52 11.69 12.21 ERROR
r-devel-linux-x86_64-debian-gcc 1.0.4 0.32 8.82 9.14 ERROR
r-devel-linux-x86_64-fedora-clang 1.0.4 12.86 ERROR
r-devel-linux-x86_64-fedora-gcc 1.0.4 12.59 ERROR
r-devel-windows-x86_64 1.0.4 97.00 131.00 228.00 OK
r-patched-linux-x86_64 1.0.4 74.00 84.74 158.74 OK
r-release-linux-x86_64 1.0.4 77.22 86.25 163.47 OK
r-release-macos-arm64 1.0.4 62.00 NOTE
r-release-macos-x86_64 1.0.4 78.00 OK
r-release-windows-x86_64 1.0.4 120.00 128.00 248.00 OK
r-oldrel-macos-arm64 1.0.4 72.00 NOTE
r-oldrel-macos-x86_64 1.0.4 112.00 NOTE
r-oldrel-windows-ix86+x86_64 1.0.4 214.00 145.00 359.00 OK

Check Details

Version: 1.0.4
Check: package dependencies
Result: ERROR
    Package required but not available: 'spBayes'
    
    See section 'The DESCRIPTION file' in the 'Writing R Extensions'
    manual.
Flavors: r-devel-linux-x86_64-debian-clang, r-devel-linux-x86_64-debian-gcc, r-devel-linux-x86_64-fedora-clang, r-devel-linux-x86_64-fedora-gcc

Version: 1.0.4
Check: installed package size
Result: NOTE
     installed size is 5.5Mb
     sub-directories of 1Mb or more:
     libs 5.3Mb
Flavors: r-release-macos-arm64, r-oldrel-macos-arm64, r-oldrel-macos-x86_64