Last updated on 2022-05-18 01:50:04 CEST.
Flavor | Version | Tinstall | Tcheck | Ttotal | Status | Flags |
---|---|---|---|---|---|---|
r-devel-linux-x86_64-debian-clang | 1.0.3 | 122.52 | 42.11 | 164.63 | OK | |
r-devel-linux-x86_64-debian-gcc | 1.0.3 | 90.35 | 33.00 | 123.35 | OK | |
r-devel-linux-x86_64-fedora-clang | 1.0.3 | 235.02 | OK | |||
r-devel-linux-x86_64-fedora-gcc | 1.0.3 | 216.65 | OK | |||
r-devel-windows-x86_64 | 1.0.3 | 73.00 | 90.00 | 163.00 | OK | |
r-patched-linux-x86_64 | 1.0.2 | 98.41 | 43.54 | 141.95 | OK | |
r-release-linux-x86_64 | 1.0.3 | 98.24 | 40.87 | 139.11 | OK | |
r-release-macos-arm64 | 1.0.3 | 74.00 | NOTE | |||
r-release-macos-x86_64 | 1.0.3 | 76.00 | NOTE | |||
r-release-windows-x86_64 | 1.0.3 | 109.00 | 87.00 | 196.00 | OK | |
r-oldrel-macos-arm64 | 1.0.3 | 65.00 | NOTE | |||
r-oldrel-macos-x86_64 | 1.0.3 | 81.00 | NOTE | |||
r-oldrel-windows-ix86+x86_64 | 1.0.3 | 186.00 | 84.00 | 270.00 | OK |
Version: 1.0.3
Check: installed package size
Result: NOTE
installed size is 5.5Mb
sub-directories of 1Mb or more:
libs 5.4Mb
Flavors: r-release-macos-arm64, r-release-macos-x86_64, r-oldrel-macos-arm64, r-oldrel-macos-x86_64