Last updated on 2022-05-21 17:51:04 CEST.
Flavor | Version | Tinstall | Tcheck | Ttotal | Status | Flags |
---|---|---|---|---|---|---|
r-devel-linux-x86_64-debian-clang | 3.1.1 | 21.55 | 37.32 | 58.87 | NOTE | |
r-devel-linux-x86_64-debian-gcc | 3.1.1 | 15.62 | 29.53 | 45.15 | NOTE | |
r-devel-linux-x86_64-fedora-clang | 3.1.1 | 77.46 | NOTE | |||
r-devel-linux-x86_64-fedora-gcc | 3.1.1 | 71.43 | NOTE | |||
r-devel-windows-x86_64 | 3.1.1 | 27.00 | 80.00 | 107.00 | NOTE | |
r-patched-linux-x86_64 | 3.1.1 | 16.78 | 36.83 | 53.61 | NOTE | |
r-release-linux-x86_64 | 3.1.1 | 17.95 | 35.83 | 53.78 | NOTE | |
r-release-macos-arm64 | 3.1.1 | 24.00 | NOTE | |||
r-release-macos-x86_64 | 3.1.1 | 33.00 | NOTE | |||
r-release-windows-x86_64 | 3.1.1 | 24.00 | 82.00 | 106.00 | NOTE | |
r-oldrel-macos-arm64 | 3.1.1 | 30.00 | NOTE | |||
r-oldrel-macos-x86_64 | 3.1.1 | 36.00 | NOTE | |||
r-oldrel-windows-ix86+x86_64 | 3.1.1 | 55.00 | 74.00 | 129.00 | NOTE |
Version: 3.1.1
Check: for GNU extensions in Makefiles
Result: NOTE
GNU make is a SystemRequirements.
Flavors: r-devel-linux-x86_64-debian-clang, r-devel-linux-x86_64-debian-gcc, r-devel-linux-x86_64-fedora-clang, r-devel-linux-x86_64-fedora-gcc, r-devel-windows-x86_64, r-patched-linux-x86_64, r-release-linux-x86_64, r-release-macos-arm64, r-release-macos-x86_64, r-release-windows-x86_64, r-oldrel-macos-arm64, r-oldrel-macos-x86_64, r-oldrel-windows-ix86+x86_64