CRAN Package Check Results for Package StackImpute

Last updated on 2022-05-28 05:53:20 CEST.

Flavor Version Tinstall Tcheck Ttotal Status Flags
r-devel-linux-x86_64-debian-clang 0.1.0 11.83 48.52 60.35 OK
r-devel-linux-x86_64-debian-gcc 0.1.0 11.13 38.12 49.25 OK
r-devel-linux-x86_64-fedora-clang 0.1.0 74.59 NOTE
r-devel-linux-x86_64-fedora-gcc 0.1.0 73.32 NOTE
r-devel-windows-x86_64 0.1.0 27.00 70.00 97.00 OK
r-patched-linux-x86_64 0.1.0 11.67 47.34 59.01 OK
r-release-linux-x86_64 0.1.0 9.49 46.87 56.36 OK
r-release-macos-arm64 0.1.0 31.00 NOTE
r-release-macos-x86_64 0.1.0 45.00 NOTE
r-release-windows-x86_64 0.1.0 21.00 68.00 89.00 OK
r-oldrel-macos-arm64 0.1.0 30.00 NOTE
r-oldrel-macos-x86_64 0.1.0 37.00 NOTE
r-oldrel-windows-ix86+x86_64 0.1.0 19.00 65.00 84.00 OK

Check Details

Version: 0.1.0
Check: dependencies in R code
Result: NOTE
    Namespaces in Imports field not imported from:
     ‘MASS’ ‘mice’ ‘sandwich’ ‘zoo’
     All declared Imports should be used.
Flavors: r-devel-linux-x86_64-fedora-clang, r-devel-linux-x86_64-fedora-gcc, r-release-macos-arm64, r-release-macos-x86_64, r-oldrel-macos-arm64, r-oldrel-macos-x86_64