CRAN Package Check Results for Package SubpathwayGMir

Last updated on 2022-05-17 20:51:32 CEST.

Flavor Version Tinstall Tcheck Ttotal Status Flags
r-devel-linux-x86_64-debian-clang 1.0 7.37 135.80 143.17 NOTE
r-devel-linux-x86_64-debian-gcc 1.0 7.26 117.86 125.12 NOTE
r-devel-linux-x86_64-fedora-clang 1.0 194.40 NOTE
r-devel-linux-x86_64-fedora-gcc 1.0 188.21 NOTE
r-devel-windows-x86_64 1.0 49.00 254.00 303.00 NOTE
r-patched-linux-x86_64 1.0 10.90 144.54 155.44 NOTE
r-release-linux-x86_64 1.0 7.62 144.94 152.56 NOTE
r-release-macos-arm64 1.0 141.00 NOTE
r-release-macos-x86_64 1.0 168.00 NOTE
r-release-windows-x86_64 1.0 45.00 221.00 266.00 NOTE
r-oldrel-macos-arm64 1.0 155.00 NOTE
r-oldrel-macos-x86_64 1.0 252.00 NOTE
r-oldrel-windows-ix86+x86_64 1.0 18.00 185.00 203.00 NOTE

Check Details

Version: 1.0
Check: R code for possible problems
Result: NOTE
    identifyGraph: no visible global function definition for 'phyper'
    mytriangle: no visible global function definition for 'symbols'
    plotGraph: no visible global function definition for 'par'
    updateOrgEnvir: no visible global function definition for 'read.table'
    Undefined global functions or variables:
     par phyper read.table symbols
    Consider adding
     importFrom("graphics", "par", "symbols")
     importFrom("stats", "phyper")
     importFrom("utils", "read.table")
    to your NAMESPACE file.
Flavors: r-devel-linux-x86_64-debian-clang, r-devel-linux-x86_64-debian-gcc, r-devel-linux-x86_64-fedora-clang, r-devel-linux-x86_64-fedora-gcc, r-devel-windows-x86_64, r-patched-linux-x86_64, r-release-linux-x86_64, r-release-macos-arm64, r-release-macos-x86_64, r-release-windows-x86_64, r-oldrel-macos-arm64, r-oldrel-macos-x86_64, r-oldrel-windows-ix86+x86_64