CRAN Package Check Results for Package SvyNom

Last updated on 2021-12-07 04:49:04 CET.

Flavor Version Tinstall Tcheck Ttotal Status Flags
r-devel-linux-x86_64-debian-clang 1.1 19.99 153.05 173.04 NOTE
r-devel-linux-x86_64-debian-gcc 1.1 15.65 116.33 131.98 NOTE
r-devel-linux-x86_64-fedora-clang 1.1 208.32 NOTE
r-devel-linux-x86_64-fedora-gcc 1.1 191.29 NOTE
r-devel-windows-x86_64-new-UL 1.1 28.00 191.00 219.00 NOTE
r-devel-windows-x86_64-new-TK 1.1 NOTE
r-devel-windows-x86_64-old 1.1 25.00 172.00 197.00 NOTE
r-patched-linux-x86_64 1.1 18.13 136.76 154.89 NOTE
r-release-linux-x86_64 1.1 15.72 144.87 160.59 NOTE
r-release-macos-arm64 1.1 NOTE
r-release-macos-x86_64 1.1 NOTE
r-release-windows-ix86+x86_64 1.1 31.00 168.00 199.00 NOTE
r-oldrel-macos-x86_64 1.1 NOTE
r-oldrel-windows-ix86+x86_64 1.1 41.00 176.00 217.00 NOTE

Check Details

Version: 1.1
Check: R code for possible problems
Result: NOTE
    svycox.calibrate: no visible global function definition for 'quantile'
    svycox.calibrate: no visible binding for global variable 'median'
    svycox.calibrate: no visible global function definition for
     'as.formula'
    svycox.calibrate: no visible global function definition for 'arrows'
    svycox.calibrate: no visible global function definition for 'abline'
    svycox.nomogram: no visible global function definition for 'predict'
    svycox.nomogram: no visible global function definition for 'as.formula'
    svycox.validate : internal.validate.func: no visible global function
     definition for 'as.formula'
    svycox.validate : internal.validate.func: no visible global function
     definition for 'formula'
    Undefined global functions or variables:
     abline arrows as.formula formula median predict quantile
    Consider adding
     importFrom("graphics", "abline", "arrows")
     importFrom("stats", "as.formula", "formula", "median", "predict",
     "quantile")
    to your NAMESPACE file.
Flavors: r-devel-linux-x86_64-debian-clang, r-devel-linux-x86_64-debian-gcc, r-devel-linux-x86_64-fedora-clang, r-devel-linux-x86_64-fedora-gcc, r-devel-windows-x86_64-new-UL, r-devel-windows-x86_64-new-TK, r-devel-windows-x86_64-old, r-patched-linux-x86_64, r-release-linux-x86_64, r-release-macos-arm64, r-release-macos-x86_64, r-release-windows-ix86+x86_64, r-oldrel-macos-x86_64, r-oldrel-windows-ix86+x86_64