CRAN Package Check Results for Package SyScSelection

Last updated on 2022-05-18 17:50:09 CEST.

Flavor Version Tinstall Tcheck Ttotal Status Flags
r-devel-linux-x86_64-debian-clang 1.0.2 2.82 37.22 40.04 NOTE
r-devel-linux-x86_64-debian-gcc 1.0.2 2.24 29.04 31.28 NOTE
r-devel-linux-x86_64-fedora-clang 1.0.2 47.87 NOTE
r-devel-linux-x86_64-fedora-gcc 1.0.2 46.81 NOTE
r-devel-windows-x86_64 1.0.2 51.00 60.00 111.00 NOTE
r-patched-linux-x86_64 1.0.2 2.99 35.53 38.52 NOTE
r-release-linux-x86_64 1.0.2 2.81 36.27 39.08 NOTE
r-release-macos-arm64 1.0.2 17.00 NOTE
r-release-macos-x86_64 1.0.2 23.00 NOTE
r-release-windows-x86_64 1.0.2 36.00 57.00 93.00 NOTE
r-oldrel-macos-arm64 1.0.2 17.00 NOTE
r-oldrel-macos-x86_64 1.0.2 28.00 NOTE
r-oldrel-windows-ix86+x86_64 1.0.2 6.00 51.00 57.00 NOTE

Check Details

Version: 1.0.2
Check: LazyData
Result: NOTE
     'LazyData' is specified without a 'data' directory
Flavors: r-devel-linux-x86_64-debian-clang, r-devel-linux-x86_64-debian-gcc, r-devel-linux-x86_64-fedora-clang, r-devel-linux-x86_64-fedora-gcc, r-devel-windows-x86_64, r-patched-linux-x86_64, r-release-linux-x86_64, r-release-macos-arm64, r-release-macos-x86_64, r-release-windows-x86_64, r-oldrel-macos-arm64, r-oldrel-macos-x86_64, r-oldrel-windows-ix86+x86_64