CRAN Package Check Results for Package SymbolicDeterminants

Last updated on 2022-05-27 03:54:58 CEST.

Flavor Version Tinstall Tcheck Ttotal Status Flags
r-devel-linux-x86_64-debian-clang 2.0.0 3.82 44.94 48.76 NOTE
r-devel-linux-x86_64-debian-gcc 2.0.0 2.71 34.05 36.76 NOTE
r-devel-linux-x86_64-fedora-clang 2.0.0 56.62 NOTE
r-devel-linux-x86_64-fedora-gcc 2.0.0 56.67 NOTE
r-devel-windows-x86_64 2.0.0 58.00 64.00 122.00 NOTE
r-patched-linux-x86_64 2.0.0 2.83 42.57 45.40 NOTE
r-release-linux-x86_64 2.0.0 3.19 42.09 45.28 NOTE
r-release-macos-arm64 2.0.0 18.00 NOTE
r-release-macos-x86_64 2.0.0 29.00 NOTE
r-release-windows-x86_64 2.0.0 71.00 63.00 134.00 NOTE
r-oldrel-macos-arm64 2.0.0 22.00 NOTE
r-oldrel-macos-x86_64 2.0.0 27.00 NOTE
r-oldrel-windows-ix86+x86_64 2.0.0 7.00 57.00 64.00 NOTE

Check Details

Version: 2.0.0
Check: LazyData
Result: NOTE
     'LazyData' is specified without a 'data' directory
Flavors: r-devel-linux-x86_64-debian-clang, r-devel-linux-x86_64-debian-gcc, r-devel-linux-x86_64-fedora-clang, r-devel-linux-x86_64-fedora-gcc, r-devel-windows-x86_64, r-patched-linux-x86_64, r-release-linux-x86_64, r-release-macos-arm64, r-release-macos-x86_64, r-release-windows-x86_64, r-oldrel-macos-arm64, r-oldrel-macos-x86_64, r-oldrel-windows-ix86+x86_64