Last updated on 2022-05-18 07:49:10 CEST.
Flavor | Version | Tinstall | Tcheck | Ttotal | Status | Flags |
---|---|---|---|---|---|---|
r-devel-linux-x86_64-debian-clang | 0.2.1 | 8.65 | 142.83 | 151.48 | OK | |
r-devel-linux-x86_64-debian-gcc | 0.2.1 | 5.61 | 104.33 | 109.94 | OK | |
r-devel-linux-x86_64-fedora-clang | 0.2.1 | 172.31 | OK | |||
r-devel-linux-x86_64-fedora-gcc | 0.2.1 | 176.86 | OK | |||
r-devel-windows-x86_64 | 0.2.1 | 16.00 | 161.00 | 177.00 | OK | |
r-patched-linux-x86_64 | 0.2.1 | 6.93 | 132.58 | 139.51 | OK | |
r-release-linux-x86_64 | 0.2.1 | 5.17 | 131.41 | 136.58 | OK | |
r-release-macos-arm64 | 0.2.1 | 44.00 | OK | |||
r-release-macos-x86_64 | 0.2.1 | 7.00 | ERROR | |||
r-release-windows-x86_64 | 0.2.1 | 22.00 | 156.00 | 178.00 | OK | |
r-oldrel-macos-arm64 | 0.2.1 | 37.00 | OK | |||
r-oldrel-macos-x86_64 | 0.2.1 | 60.00 | OK | |||
r-oldrel-windows-ix86+x86_64 | 0.2.1 | 18.00 | 161.00 | 179.00 | OK |
Version: 0.2.1
Check: package dependencies
Result: ERROR
Package required but not available: ‘Synth’
See section ‘The DESCRIPTION file’ in the ‘Writing R Extensions’
manual.
Flavor: r-release-macos-x86_64