Last updated on 2023-02-08 16:52:24 CET.
Flavor | Version | Tinstall | Tcheck | Ttotal | Status | Flags |
---|---|---|---|---|---|---|
r-devel-linux-x86_64-debian-clang | 1.0.6 | 2.52 | 29.67 | 32.19 | NOTE | |
r-devel-linux-x86_64-debian-gcc | 1.0.6 | 2.07 | 23.36 | 25.43 | NOTE | |
r-devel-linux-x86_64-fedora-clang | 1.0.6 | 41.55 | NOTE | |||
r-devel-linux-x86_64-fedora-gcc | 1.0.6 | 51.07 | NOTE | |||
r-devel-windows-x86_64 | 1.0.6 | 30.00 | 63.00 | 93.00 | NOTE | |
r-patched-linux-x86_64 | 1.0.6 | 1.95 | 29.79 | 31.74 | NOTE | |
r-release-linux-x86_64 | 1.0.6 | 2.44 | 27.76 | 30.20 | NOTE | |
r-release-macos-arm64 | 1.0.6 | 19.00 | NOTE | |||
r-release-macos-x86_64 | 1.0.6 | 25.00 | NOTE | |||
r-release-windows-x86_64 | 1.0.6 | 25.00 | 69.00 | 94.00 | NOTE | |
r-oldrel-macos-arm64 | 1.0.6 | 22.00 | NOTE | |||
r-oldrel-macos-x86_64 | 1.0.6 | 30.00 | NOTE | |||
r-oldrel-windows-ix86+x86_64 | 1.0.6 | 6.00 | 54.00 | 60.00 | NOTE |
Version: 1.0.6
Check: LazyData
Result: NOTE
'LazyData' is specified without a 'data' directory
Flavors: r-devel-linux-x86_64-debian-clang, r-devel-linux-x86_64-debian-gcc, r-devel-linux-x86_64-fedora-clang, r-devel-linux-x86_64-fedora-gcc, r-devel-windows-x86_64, r-patched-linux-x86_64, r-release-linux-x86_64, r-release-macos-arm64, r-release-macos-x86_64, r-release-windows-x86_64, r-oldrel-macos-arm64, r-oldrel-macos-x86_64, r-oldrel-windows-ix86+x86_64