CRAN Package Check Results for Package TEAM

Last updated on 2022-05-17 20:51:33 CEST.

Flavor Version Tinstall Tcheck Ttotal Status Flags
r-devel-linux-x86_64-debian-clang 0.1.0 10.78 109.83 120.61 NOTE
r-devel-linux-x86_64-debian-gcc 0.1.0 8.62 82.72 91.34 NOTE
r-devel-linux-x86_64-fedora-clang 0.1.0 141.60 NOTE
r-devel-linux-x86_64-fedora-gcc 0.1.0 136.61 NOTE
r-devel-windows-x86_64 0.1.0 16.00 119.00 135.00 NOTE
r-patched-linux-x86_64 0.1.0 11.25 105.23 116.48 NOTE
r-release-linux-x86_64 0.1.0 11.62 103.69 115.31 NOTE
r-release-macos-arm64 0.1.0 40.00 NOTE
r-release-macos-x86_64 0.1.0 79.00 NOTE
r-release-windows-x86_64 0.1.0 17.00 124.00 141.00 NOTE
r-oldrel-macos-arm64 0.1.0 45.00 NOTE
r-oldrel-macos-x86_64 0.1.0 78.00 NOTE
r-oldrel-windows-ix86+x86_64 0.1.0 24.00 116.00 140.00 NOTE

Check Details

Version: 0.1.0
Check: LazyData
Result: NOTE
     'LazyData' is specified without a 'data' directory
Flavors: r-devel-linux-x86_64-debian-clang, r-devel-linux-x86_64-debian-gcc, r-devel-linux-x86_64-fedora-clang, r-devel-linux-x86_64-fedora-gcc, r-devel-windows-x86_64, r-patched-linux-x86_64, r-release-linux-x86_64, r-release-macos-arm64, r-release-macos-x86_64, r-release-windows-x86_64, r-oldrel-macos-arm64, r-oldrel-macos-x86_64, r-oldrel-windows-ix86+x86_64