CRAN Package Check Results for Package TH.data

Last updated on 2022-01-24 16:51:30 CET.

Flavor Version Tinstall Tcheck Ttotal Status Flags
r-devel-linux-x86_64-debian-clang 1.1-0 6.41 110.12 116.53 OK
r-devel-linux-x86_64-debian-gcc 1.1-0 3.75 83.19 86.94 OK
r-devel-linux-x86_64-fedora-clang 1.1-0 138.11 NOTE
r-devel-linux-x86_64-fedora-gcc 1.1-0 130.12 OK
r-devel-windows-x86_64-new-UL 1.1-0 76.00 557.00 633.00 NOTE
r-devel-windows-x86_64-new-TK 1.1-0 OK
r-patched-linux-x86_64 1.1-0 6.13 92.83 98.96 OK
r-release-linux-x86_64 1.1-0 6.76 91.16 97.92 OK
r-release-macos-arm64 1.1-0 NOTE
r-release-macos-x86_64 1.1-0 NOTE
r-release-windows-ix86+x86_64 1.1-0 14.00 542.00 556.00 NOTE
r-oldrel-macos-x86_64 1.1-0 NOTE
r-oldrel-windows-ix86+x86_64 1.1-0 14.00 544.00 558.00 NOTE

Check Details

Version: 1.1-0
Check: installed package size
Result: NOTE
     installed size is 8.9Mb
     sub-directories of 1Mb or more:
     data 1.2Mb
     rda 7.1Mb
Flavors: r-devel-linux-x86_64-fedora-clang, r-devel-windows-x86_64-new-UL, r-release-macos-arm64, r-release-macos-x86_64, r-release-windows-ix86+x86_64, r-oldrel-macos-x86_64, r-oldrel-windows-ix86+x86_64