CRAN Package Check Results for Package TMDb

Last updated on 2023-01-28 16:51:32 CET.

Flavor Version Tinstall Tcheck Ttotal Status Flags
r-devel-linux-x86_64-debian-clang 1.1 4.72 45.25 49.97 NOTE
r-devel-linux-x86_64-debian-gcc 1.1 4.40 34.29 38.69 NOTE
r-devel-linux-x86_64-fedora-clang 1.1 63.58 NOTE
r-devel-linux-x86_64-fedora-gcc 1.1 61.26 NOTE
r-devel-windows-x86_64 1.1 29.00 112.00 141.00 NOTE
r-patched-linux-x86_64 1.1 5.34 41.77 47.11 NOTE
r-release-linux-x86_64 1.1 4.10 42.45 46.55 NOTE
r-release-macos-arm64 1.1 20.00 NOTE
r-release-macos-x86_64 1.1 30.00 NOTE
r-release-windows-x86_64 1.1 47.00 89.00 136.00 NOTE
r-oldrel-macos-arm64 1.1 28.00 NOTE
r-oldrel-macos-x86_64 1.1 35.00 NOTE
r-oldrel-windows-ix86+x86_64 1.1 11.00 69.00 80.00 NOTE

Check Details

Version: 1.1
Check: LazyData
Result: NOTE
     'LazyData' is specified without a 'data' directory
Flavors: r-devel-linux-x86_64-debian-clang, r-devel-linux-x86_64-debian-gcc, r-devel-linux-x86_64-fedora-clang, r-devel-linux-x86_64-fedora-gcc, r-devel-windows-x86_64, r-patched-linux-x86_64, r-release-linux-x86_64, r-release-macos-arm64, r-release-macos-x86_64, r-release-windows-x86_64, r-oldrel-macos-arm64, r-oldrel-macos-x86_64, r-oldrel-windows-ix86+x86_64