Last updated on 2022-05-22 11:51:56 CEST.
Flavor | Version | Tinstall | Tcheck | Ttotal | Status | Flags |
---|---|---|---|---|---|---|
r-devel-linux-x86_64-debian-clang | 5.1 | 10.71 | 95.89 | 106.60 | OK | |
r-devel-linux-x86_64-debian-gcc | 5.1 | 7.02 | 68.82 | 75.84 | OK | |
r-devel-linux-x86_64-fedora-clang | 5.1 | 130.44 | NOTE | |||
r-devel-linux-x86_64-fedora-gcc | 5.1 | 127.30 | NOTE | |||
r-devel-windows-x86_64 | 5.1 | 46.00 | 123.00 | 169.00 | OK | |
r-patched-linux-x86_64 | 5.1 | 16.13 | 90.76 | 106.89 | OK | |
r-release-linux-x86_64 | 5.1 | 8.18 | 90.07 | 98.25 | OK | |
r-release-macos-arm64 | 5.1 | 38.00 | NOTE | |||
r-release-macos-x86_64 | 5.1 | 63.00 | NOTE | |||
r-release-windows-x86_64 | 5.1 | 45.00 | 117.00 | 162.00 | OK | |
r-oldrel-macos-arm64 | 5.1 | 42.00 | NOTE | |||
r-oldrel-macos-x86_64 | 5.1 | 52.00 | NOTE | |||
r-oldrel-windows-ix86+x86_64 | 5.1 | 18.00 | 116.00 | 134.00 | OK |
Version: 5.1
Check: dependencies in R code
Result: NOTE
Namespaces in Imports field not imported from:
‘EMD’ ‘vars’
All declared Imports should be used.
Flavors: r-devel-linux-x86_64-fedora-clang, r-devel-linux-x86_64-fedora-gcc, r-release-macos-arm64, r-release-macos-x86_64, r-oldrel-macos-arm64, r-oldrel-macos-x86_64