CRAN Package Check Results for Package TeachingDemos

Last updated on 2022-01-20 10:52:43 CET.

Flavor Version Tinstall Tcheck Ttotal Status Flags
r-devel-linux-x86_64-debian-clang 2.12 NOTE
r-devel-linux-x86_64-debian-gcc 2.12 12.35 73.88 86.23 NOTE
r-devel-linux-x86_64-fedora-clang 2.12 137.25 NOTE
r-devel-linux-x86_64-fedora-gcc 2.12 124.28 NOTE
r-devel-windows-x86_64-new-UL 2.12 547.00 136.00 683.00 OK
r-devel-windows-x86_64-new-TK 2.12 OK
r-patched-linux-x86_64 2.12 14.30 93.69 107.99 NOTE
r-release-linux-x86_64 2.12 13.33 94.78 108.11 NOTE
r-release-macos-arm64 2.12 NOTE
r-release-macos-x86_64 2.12 NOTE
r-release-windows-ix86+x86_64 2.12 24.00 196.00 220.00 OK
r-oldrel-macos-x86_64 2.12 NOTE
r-oldrel-windows-ix86+x86_64 2.12 24.00 271.00 295.00 OK

Check Details

Version: 2.12
Check: package dependencies
Result: NOTE
    Package suggested but not available for checking: 'R2wd'
Flavors: r-devel-linux-x86_64-debian-clang, r-devel-linux-x86_64-debian-gcc, r-devel-linux-x86_64-fedora-clang, r-devel-linux-x86_64-fedora-gcc, r-patched-linux-x86_64, r-release-linux-x86_64, r-release-macos-arm64, r-release-macos-x86_64, r-oldrel-macos-x86_64