CRAN Package Check Results for Package TestFunctions

Last updated on 2022-05-21 20:50:26 CEST.

Flavor Version Tinstall Tcheck Ttotal Status Flags
r-devel-linux-x86_64-debian-clang 0.2.0 3.86 46.84 50.70 NOTE
r-devel-linux-x86_64-debian-gcc 0.2.0 2.90 35.40 38.30 NOTE
r-devel-linux-x86_64-fedora-clang 0.2.0 60.24 NOTE
r-devel-linux-x86_64-fedora-gcc 0.2.0 58.25 NOTE
r-devel-windows-x86_64 0.2.0 66.00 71.00 137.00 NOTE
r-patched-linux-x86_64 0.2.0 3.96 44.80 48.76 NOTE
r-release-linux-x86_64 0.2.0 2.82 44.14 46.96 NOTE
r-release-macos-arm64 0.2.0 21.00 NOTE
r-release-macos-x86_64 0.2.0 32.00 NOTE
r-release-windows-x86_64 0.2.0 69.00 71.00 140.00 NOTE
r-oldrel-macos-arm64 0.2.0 22.00 NOTE
r-oldrel-macos-x86_64 0.2.0 39.00 NOTE
r-oldrel-windows-ix86+x86_64 0.2.0 8.00 61.00 69.00 NOTE

Check Details

Version: 0.2.0
Check: LazyData
Result: NOTE
     'LazyData' is specified without a 'data' directory
Flavors: r-devel-linux-x86_64-debian-clang, r-devel-linux-x86_64-debian-gcc, r-devel-linux-x86_64-fedora-clang, r-devel-linux-x86_64-fedora-gcc, r-devel-windows-x86_64, r-patched-linux-x86_64, r-release-linux-x86_64, r-release-macos-arm64, r-release-macos-x86_64, r-release-windows-x86_64, r-oldrel-macos-arm64, r-oldrel-macos-x86_64, r-oldrel-windows-ix86+x86_64