CRAN Package Check Results for Package TestingSimilarity

Last updated on 2022-01-22 20:48:51 CET.

Flavor Version Tinstall Tcheck Ttotal Status Flags
r-devel-linux-x86_64-debian-clang 1.1 2.58 38.35 40.93 NOTE
r-devel-linux-x86_64-debian-gcc 1.1 1.79 29.69 31.48 NOTE
r-devel-linux-x86_64-fedora-clang 1.1 50.72 NOTE
r-devel-linux-x86_64-fedora-gcc 1.1 39.39 NOTE
r-devel-windows-x86_64-new-UL 1.1 59.00 56.00 115.00 NOTE
r-devel-windows-x86_64-new-TK 1.1 NOTE
r-patched-linux-x86_64 1.1 2.39 36.57 38.96 NOTE
r-release-linux-x86_64 1.1 2.57 36.31 38.88 NOTE
r-release-macos-arm64 1.1 NOTE
r-release-macos-x86_64 1.1 NOTE
r-release-windows-ix86+x86_64 1.1 6.00 46.00 52.00 NOTE
r-oldrel-macos-x86_64 1.1 OK
r-oldrel-windows-ix86+x86_64 1.1 7.00 46.00 53.00 OK

Check Details

Version: 1.1
Check: LazyData
Result: NOTE
     'LazyData' is specified without a 'data' directory
Flavors: r-devel-linux-x86_64-debian-clang, r-devel-linux-x86_64-debian-gcc, r-devel-linux-x86_64-fedora-clang, r-devel-linux-x86_64-fedora-gcc, r-devel-windows-x86_64-new-UL, r-devel-windows-x86_64-new-TK, r-patched-linux-x86_64, r-release-linux-x86_64, r-release-macos-arm64, r-release-macos-x86_64, r-release-windows-ix86+x86_64