CRAN Package Check Results for Package TextMiningGUI

Last updated on 2022-01-25 17:53:53 CET.

Flavor Version Tinstall Tcheck Ttotal Status Flags
r-devel-linux-x86_64-debian-clang 0.3 21.61 139.25 160.86 OK
r-devel-linux-x86_64-debian-gcc 0.3 16.29 110.50 126.79 OK
r-devel-linux-x86_64-fedora-clang 0.3 170.83 OK
r-devel-linux-x86_64-fedora-gcc 0.3 192.72 OK
r-devel-windows-x86_64-new-UL 0.3 75.00 357.00 432.00 OK
r-devel-windows-x86_64-new-TK 0.3 NOTE
r-patched-linux-x86_64 0.3 15.63 114.90 130.53 OK
r-release-linux-x86_64 0.3 15.41 115.27 130.68 OK
r-release-macos-arm64 0.3 OK
r-release-macos-x86_64 0.3 OK
r-release-windows-ix86+x86_64 0.3 30.00 122.00 152.00 OK
r-oldrel-macos-x86_64 0.3 OK
r-oldrel-windows-ix86+x86_64 0.3 31.00 525.00 556.00 OK

Check Details

Version: 0.3
Check: package dependencies
Result: NOTE
    Package suggested but not available for checking: 'ggpubr'
Flavor: r-devel-windows-x86_64-new-TK