CRAN Package Check Results for Package ThankYouStars

Last updated on 2023-02-01 00:52:51 CET.

Flavor Version Tinstall Tcheck Ttotal Status Flags
r-devel-linux-x86_64-debian-clang 0.2.0 2.00 24.57 26.57 NOTE
r-devel-linux-x86_64-debian-gcc 0.2.0 1.68 19.65 21.33 NOTE
r-devel-linux-x86_64-fedora-clang 0.2.0 34.36 NOTE
r-devel-linux-x86_64-fedora-gcc 0.2.0 44.89 NOTE
r-devel-windows-x86_64 0.2.0 4.00 55.00 59.00 NOTE
r-patched-linux-x86_64 0.2.0 2.12 24.96 27.08 NOTE
r-release-linux-x86_64 0.2.0 1.70 24.76 26.46 NOTE
r-release-macos-arm64 0.2.0 19.00 NOTE
r-release-macos-x86_64 0.2.0 87.00 NOTE
r-release-windows-x86_64 0.2.0 12.00 56.00 68.00 NOTE
r-oldrel-macos-arm64 0.2.0 24.00 NOTE
r-oldrel-macos-x86_64 0.2.0 49.00 NOTE
r-oldrel-windows-ix86+x86_64 0.2.0 5.00 50.00 55.00 NOTE

Check Details

Version: 0.2.0
Check: LazyData
Result: NOTE
     'LazyData' is specified without a 'data' directory
Flavors: r-devel-linux-x86_64-debian-clang, r-devel-linux-x86_64-debian-gcc, r-devel-linux-x86_64-fedora-clang, r-devel-linux-x86_64-fedora-gcc, r-devel-windows-x86_64, r-patched-linux-x86_64, r-release-linux-x86_64, r-release-macos-arm64, r-release-macos-x86_64, r-release-windows-x86_64, r-oldrel-macos-arm64, r-oldrel-macos-x86_64, r-oldrel-windows-ix86+x86_64