CRAN Package Check Results for Package TreeDist

Last updated on 2022-05-21 10:50:28 CEST.

Flavor Version Tinstall Tcheck Ttotal Status Flags
r-devel-linux-x86_64-debian-clang 2.4.0 47.47 240.49 287.96 NOTE
r-devel-linux-x86_64-debian-gcc 2.4.0 40.81 182.27 223.08 NOTE
r-devel-linux-x86_64-fedora-clang 2.4.0 380.73 NOTE
r-devel-linux-x86_64-fedora-gcc 2.4.0 356.55 NOTE
r-devel-windows-x86_64 2.4.0 112.00 312.00 424.00 NOTE
r-patched-linux-x86_64 2.4.0 46.08 221.25 267.33 NOTE
r-release-linux-x86_64 2.4.0 40.47 226.06 266.53 NOTE
r-release-macos-arm64 2.4.0 112.00 NOTE
r-release-macos-x86_64 2.4.0 182.00 NOTE
r-release-windows-x86_64 2.4.0 102.00 297.00 399.00 NOTE
r-oldrel-macos-arm64 2.4.0 111.00 NOTE
r-oldrel-macos-x86_64 2.4.0 145.00 NOTE
r-oldrel-windows-ix86+x86_64 2.4.0 117.00 686.00 803.00 NOTE

Check Details

Version: 2.4.0
Check: package dependencies
Result: NOTE
    Package suggested but not available for checking: 'TreeDistData'
Flavors: r-devel-linux-x86_64-debian-clang, r-devel-linux-x86_64-debian-gcc, r-devel-linux-x86_64-fedora-clang, r-devel-linux-x86_64-fedora-gcc, r-devel-windows-x86_64, r-patched-linux-x86_64, r-release-linux-x86_64, r-release-macos-arm64, r-release-macos-x86_64, r-release-windows-x86_64, r-oldrel-macos-arm64, r-oldrel-macos-x86_64, r-oldrel-windows-ix86+x86_64