Last updated on 2022-05-28 01:51:49 CEST.
Flavor | Version | Tinstall | Tcheck | Ttotal | Status | Flags |
---|---|---|---|---|---|---|
r-devel-linux-x86_64-debian-clang | 1.7.2 | 70.55 | 150.90 | 221.45 | OK | |
r-devel-linux-x86_64-debian-gcc | 1.7.2 | 63.72 | 112.09 | 175.81 | OK | |
r-devel-linux-x86_64-fedora-clang | 1.7.2 | 305.48 | NOTE | |||
r-devel-linux-x86_64-fedora-gcc | 1.7.2 | 284.19 | OK | |||
r-devel-windows-x86_64 | 1.7.2 | 213.00 | 349.00 | 562.00 | OK | |
r-patched-linux-x86_64 | 1.7.1 | 70.11 | 141.55 | 211.66 | OK | |
r-release-linux-x86_64 | 1.7.2 | 64.70 | 141.48 | 206.18 | OK | |
r-release-macos-arm64 | 1.7.2 | 91.00 | NOTE | |||
r-release-macos-x86_64 | 1.7.2 | 100.00 | OK | |||
r-release-windows-x86_64 | 1.7.2 | 146.00 | 204.00 | 350.00 | OK | |
r-oldrel-macos-arm64 | 1.7.2 | 89.00 | NOTE | |||
r-oldrel-macos-x86_64 | 1.7.2 | 96.00 | OK | |||
r-oldrel-windows-ix86+x86_64 | 1.7.2 | 152.00 | 268.00 | 420.00 | OK |
Version: 1.7.2
Check: installed package size
Result: NOTE
installed size is 5.0Mb
sub-directories of 1Mb or more:
R 1.0Mb
libs 3.0Mb
Flavors: r-devel-linux-x86_64-fedora-clang, r-release-macos-arm64, r-oldrel-macos-arm64