Last updated on 2022-05-29 06:51:45 CEST.
Flavor | Version | Tinstall | Tcheck | Ttotal | Status | Flags |
---|---|---|---|---|---|---|
r-devel-linux-x86_64-debian-clang | 1.0.1 | 162.69 | 239.41 | 402.10 | NOTE | |
r-devel-linux-x86_64-debian-gcc | 1.0.1 | 128.96 | 181.36 | 310.32 | NOTE | |
r-devel-linux-x86_64-fedora-clang | 1.0.1 | 512.77 | NOTE | |||
r-devel-linux-x86_64-fedora-gcc | 1.0.1 | 513.01 | NOTE | |||
r-devel-windows-x86_64 | 1.0.1 | 264.00 | 302.00 | 566.00 | NOTE | |
r-patched-linux-x86_64 | 1.0.1 | 133.05 | 235.75 | 368.80 | NOTE | |
r-release-linux-x86_64 | 1.0.1 | 104.50 | 235.92 | 340.42 | NOTE | |
r-release-macos-arm64 | 1.0.1 | 142.00 | NOTE | |||
r-release-macos-x86_64 | 1.0.1 | 236.00 | NOTE | |||
r-release-windows-x86_64 | 1.0.1 | 228.00 | 454.00 | 682.00 | NOTE | |
r-oldrel-macos-arm64 | 1.0.1 | 139.00 | NOTE | |||
r-oldrel-macos-x86_64 | 1.0.1 | 171.00 | NOTE | |||
r-oldrel-windows-ix86+x86_64 | 1.0.1 | 334.00 | 378.00 | 712.00 | NOTE |
Version: 1.0.1
Check: for GNU extensions in Makefiles
Result: NOTE
GNU make is a SystemRequirements.
Flavors: r-devel-linux-x86_64-debian-clang, r-devel-linux-x86_64-debian-gcc, r-devel-linux-x86_64-fedora-clang, r-devel-linux-x86_64-fedora-gcc, r-devel-windows-x86_64, r-patched-linux-x86_64, r-release-linux-x86_64, r-release-macos-arm64, r-release-macos-x86_64, r-release-windows-x86_64, r-oldrel-macos-arm64, r-oldrel-macos-x86_64, r-oldrel-windows-ix86+x86_64
Version: 1.0.1
Check: installed package size
Result: NOTE
installed size is 24.9Mb
sub-directories of 1Mb or more:
libs 24.3Mb
Flavors: r-devel-linux-x86_64-fedora-clang, r-release-macos-arm64, r-release-macos-x86_64, r-oldrel-macos-arm64, r-oldrel-macos-x86_64, r-oldrel-windows-ix86+x86_64
Version: 1.0.1
Check: dependencies in R code
Result: NOTE
Namespaces in Imports field not imported from:
‘RcppParallel’ ‘rstantools’
All declared Imports should be used.
Flavors: r-devel-linux-x86_64-fedora-clang, r-devel-linux-x86_64-fedora-gcc, r-release-macos-arm64, r-release-macos-x86_64, r-oldrel-macos-arm64, r-oldrel-macos-x86_64