Last updated on 2023-05-30 14:57:00 CEST.
Flavor | Version | Tinstall | Tcheck | Ttotal | Status | Flags |
---|---|---|---|---|---|---|
r-devel-linux-x86_64-debian-clang | 0.1.6.3 | 115.94 | 67.82 | 183.76 | OK | |
r-devel-linux-x86_64-debian-gcc | 0.1.6.3 | 90.35 | 52.60 | 142.95 | OK | |
r-devel-linux-x86_64-fedora-clang | 0.1.6.3 | 260.56 | OK | |||
r-devel-linux-x86_64-fedora-gcc | 0.1.6.3 | 291.27 | OK | |||
r-devel-windows-x86_64 | 0.1.6.3 | 91.00 | 97.00 | 188.00 | OK | |
r-patched-linux-x86_64 | 0.1.6.3 | 85.88 | 65.55 | 151.43 | OK | |
r-release-linux-x86_64 | 0.1.6.3 | 71.92 | 64.59 | 136.51 | OK | |
r-release-macos-arm64 | 0.1.6.3 | 77.00 | NOTE | |||
r-release-macos-x86_64 | 0.1.6.3 | 69.00 | NOTE | |||
r-release-windows-x86_64 | 0.1.6.3 | 124.00 | 109.00 | 233.00 | OK | |
r-oldrel-macos-arm64 | 0.1.6.3 | 71.00 | NOTE | |||
r-oldrel-macos-x86_64 | 0.1.6.3 | 81.00 | NOTE | |||
r-oldrel-windows-x86_64 | 0.1.6.3 | 113.00 | 106.00 | 219.00 | OK |
Version: 0.1.6.3
Check: installed package size
Result: NOTE
installed size is 5.8Mb
sub-directories of 1Mb or more:
libs 5.7Mb
Flavors: r-release-macos-arm64, r-release-macos-x86_64, r-oldrel-macos-arm64, r-oldrel-macos-x86_64