CRAN Package Check Results for Package TukeyRegion

Last updated on 2022-05-18 21:53:30 CEST.

Flavor Version Tinstall Tcheck Ttotal Status Flags
r-devel-linux-x86_64-debian-clang 0.1.4 93.35 66.93 160.28 OK
r-devel-linux-x86_64-debian-gcc 0.1.4 78.12 50.36 128.48 OK
r-devel-linux-x86_64-fedora-clang 0.1.4 224.82 OK
r-devel-linux-x86_64-fedora-gcc 0.1.4 208.57 OK
r-devel-windows-x86_64 0.1.4 96.00 224.00 320.00 OK
r-patched-linux-x86_64 0.1.4 82.16 61.43 143.59 OK
r-release-linux-x86_64 0.1.4 84.52 63.74 148.26 OK
r-release-macos-arm64 0.1.4 57.00 OK
r-release-macos-x86_64 0.1.4 69.00 OK
r-release-windows-x86_64 0.1.4 89.00 108.00 197.00 OK
r-oldrel-macos-arm64 0.1.4 68.00 NOTE
r-oldrel-macos-x86_64 0.1.4 103.00 OK
r-oldrel-windows-ix86+x86_64 0.1.4 237.00 132.00 369.00 OK

Check Details

Version: 0.1.4
Check: installed package size
Result: NOTE
     installed size is 6.0Mb
     sub-directories of 1Mb or more:
     libs 5.9Mb
Flavor: r-oldrel-macos-arm64