CRAN Package Check Results for Package Twitmo

Last updated on 2024-04-14 18:56:46 CEST.

Flavor Version Tinstall Tcheck Ttotal Status Flags
r-devel-linux-x86_64-debian-clang 0.1.2 4.84 36.78 41.62 NOTE
r-devel-linux-x86_64-debian-gcc 0.1.2 3.28 28.16 31.44 NOTE
r-devel-linux-x86_64-fedora-clang 0.1.2 54.17 NOTE
r-devel-linux-x86_64-fedora-gcc 0.1.2 51.54 NOTE
r-devel-windows-x86_64 0.1.2 6.00 51.00 57.00 NOTE
r-patched-linux-x86_64 0.1.2 4.44 36.11 40.55 NOTE
r-release-linux-x86_64 0.1.2 0.43 1.63 2.06 ERROR
r-release-macos-arm64 0.1.2 21.00 OK
r-release-macos-x86_64 0.1.2 28.00 OK
r-release-windows-x86_64 0.1.2 7.00 55.00 62.00 OK
r-oldrel-macos-arm64 0.1.2 20.00 OK
r-oldrel-windows-x86_64 0.1.2 7.00 74.00 81.00 OK

Check Details

Version: 0.1.2
Check: Rd files
Result: NOTE checkRd: (-1) fit_stm.Rd:25: Lost braces 25 | \item{xcov}{Either a \[stats]{formula} with an empty left-hand side specifying external covariates | ^ Flavors: r-devel-linux-x86_64-debian-clang, r-devel-linux-x86_64-debian-gcc, r-devel-linux-x86_64-fedora-clang, r-devel-linux-x86_64-fedora-gcc, r-devel-windows-x86_64, r-patched-linux-x86_64

Version: 0.1.2
Check: package dependencies
Result: ERROR Package required but not available: ‘quanteda.textstats’ See section ‘The DESCRIPTION file’ in the ‘Writing R Extensions’ manual. Flavor: r-release-linux-x86_64